4. Let o(z) = 2 + 12*z**2 - 6*z**2 + z**3 - 11*z**r + 2*z. Give o(4).
-6
Let w(x) = -x**3 - 8*x**2 + 6*x - 9. Let h = -1838 - -1829. What is w(h)?
18
Let w(l) = l**3 + 6*l**2 + l + 5. Let c = 27 - 21. Suppose c*h - 36 = 6. Suppose 12 = 4*d, -v + h*d = 4*d + 15. Calculate w(v).
-1
Suppose 1 + 5 = 3*d. Let i(n) = n**3 + 6*n - 5*n**d + 227 - 463 + 229. Calculate i(4).
1
Let g(d) = -7*d**3 + 2*d**2 + d - 2. Let y be g(1). Let h(b) be the second derivative of b**4/12 + 7*b**3/6 - 4*b**2 + 20*b. Determine h(y).
-14
Let u(x) = -x**2 + 14*x + 52. Let y be (28 - 5/1) + -6. Let f be u(y). Let g(i) = -9*i**3 - i**2. Calculate g(f).
-10
Let b(g) be the first derivative of 0*g + 3*g**2 + 1/120*g**6 - 1/2*g**3 + 3 + 1/12*g**4 + 1/12*g**5. Let u(z) be the second derivative of b(z). What is u(-5)?
-13
Let s(h) = h**2 - 14*h - 23. Let i(p) = p**2 - 19*p - 26. Let l(b) = 4*i(b) - 5*s(b). What is l(3)?
-16
Let t(i) = -i**2 - 12*i + 2 - 11 + 2*i - 16. Let c be t(-7). Let b(r) = 7*r + 1. Let o(f) = 8*f. Let w(y) = 4*b(y) - 3*o(y). Determine w(c).
-12
Let q(d) be the third derivative of 0*d**4 + 0 + 15*d**2 + 0*d**3 + 0*d + 1/30*d**5. Suppose 0 = 13*s + 140 - 127. Give q(s).
2
Suppose 10*c = -13*c + 69. Let m(r) = -2. Let i(a) = a + 17. Let d(x) = c*m(x) + i(x). What is d(0)?
11
Suppose -5*n = -3*u + 1861, 3*u - u + 2*n = 1230. Let a = -618 + u. Let h(p) = -14*p. Give h(a).
14
Suppose -3*v = 5*h + 990, 2*h - 5*v = -h - 560. Let s = h + 201. Let j(o) = 2*o + 7. Let b(l) = l + 6. Let w(d) = -5*b(d) + 4*j(d). Calculate w(s).
16
Let v(j) = -7*j - 2. Let s(p) = p. Let g(i) = 4*s(i) + v(i). Suppose 0 = -3*m + 3*u - 654, -727 = 5*m + 4*u + 372. Let q = m + 214. Determine g(q).
13
Let q(p) be the third derivative of -1/12*p**4 + 1/60*p**5 + 0 + 115*p**2 - 8/3*p**3 + 0*p. Give q(5).
-1
Let x(y) = 71*y + 61*y - 206*y - 24 + 73*y - 14. Calculate x(-40).
2
Suppose 0 = -58*w + 56*w + 2. Let g = 2 + 2. Suppose -2*s - g*x - 10 = 0, 4*x + 6 = -5*s - w. Let j(h) = 8*h**3 - 2*h + 1. Give j(s).
7
Let m be (-231)/(-154) - 2/(20/55). Suppose 3 + 6 = 3*w. Let v(d) = w*d**2 + 4*d - 2*d + 0*d**3 + d**3 + 6. Give v(m).
-18
Let j(v) be the first derivative of 1/3*v**3 - 3*v**2 - 218 - 10*v. Give j(7).
-3
Let j(x) = -x**3 + x**2 - 7*x + 2. Let w(i) = -3*i**3 + 21*i**2 - 26*i + 31. Let u(h) = 4*j(h) - w(h). Determine u(-17).
11
Let h(o) = 8*o - 7. Let q = -6988 + 6982. What is h(q)?
-55
Suppose a - 40 = -5*d, 2*a + 0*a = -4*d + 26. Let u(l) be the third derivative of -l**6/120 + 3*l**5/20 - l**3/3 - 1023*l**2. Give u(d).
-2
Let s(t) be the first derivative of t**4/2 + 4*t**3/3 - t**2/2 - 1370. What is s(-2)?
2
Let d(m) = -m**3 + 5*m**2 + 3*m + 15. Suppose 2*z - 43 + 25 = 0, 3*z = -5*u + 57. Determine d(u).
-3
Suppose -3*t + 22 = 5*x, 5*t + 4*x - 39 = -11. Suppose -d - t*d + 190 = 0. Let u(j) = 11 + 13 - d + j**2 + 9 - 6*j. What is u(6)?
-5
Suppose z = 2*q - 23 + 6, -q - 5 = 4*z. Let x(n) = 8*n**2 - 6*n**2 + 4*n + 14 - q + 2*n - n**2. Give x(-8).
23
Let y(r) = r + 5. Let b(j) = j. Let x(c) = -2*b(c) + y(c). Suppose -3*q = 4*p - 37, 5*p - 16*q + 11*q = -15. Calculate x(p).
1
Let n(j) = 4. Let x(t) be the first derivative of t**2/2 + 12*t + 235. Let b(z) = 6*n(z) - x(z). Give b(6).
6
Let q(v) = -v + 26. Suppose 5*o + 49*x = 50*x + 35, -4*o + 4*x = -28. Calculate q(o).
19
Let j be -24*4/(-6)*(-13 - -19). Suppose 18*y = 30*y - j. Let r(p) = -2*p. What is r(y)?
-16
Let p(q) be the third derivative of 0 + 1/6*q**3 + 2*q**2 + 1/12*q**4 - 1/60*q**5 - 62*q. Determine p(2).
1
Let y(q) = q**3 + 12*q**2 + q + 4. Let x(a) = 3*a**2 + 17*a - 1. Let t be x(-8). Let f = -67 + t. Determine y(f).
-8
Let m(z) = -5*z + 3. Let t(y) = -9*y + 5. Let h(s) = -7*m(s) + 4*t(s). Suppose 5*d - 26 = -3*v + 4*d, -v = -4*d - 13. Suppose -v*j - 4 = -5*j. Determine h(j).
0
Let h(a) = -28 + 3452*a - 6998*a + 3551*a. Calculate h(11).
27
Let z be (-60)/4*1 + 6 + -2. Let q be (-53)/z - 1/((-44)/8). Let n(b) = b**2 + 2*b. Give n(q).
35
Let g(m) = m**2 + 3*m - 33. Suppose 3*u - 4 = 5*r, 2*r = 2*u - 1 + 5. Determine g(u).
-5
Let f(j) = j**3 + 13*j**2 - j - 14. Let a = 144 + -157. Let i be f(a). Let l(q) = 10*q**2 - 1. Calculate l(i).
9
Let x(s) = 55*s**2 + 278 - 209 - 195 - 61*s - 112 + s**3 - 49. Calculate x(-56).
-7
Let t(v) = v - 11. Let l(r) = -5*r + 34. Let n(j) = -l(j) - 6*t(j). Give n(22).
10
Let h(t) be the first derivative of t**4/4 + 8*t**3/3 + 6*t**2 + 29*t + 1223. Determine h(-7).
-6
Let k(l) = -2*l - 2*l - l + 4 + 3*l. Let d(j) = -31*j**2. Let t be d(1). Let h be t/(-6) + -5 - (-58)/12. Give k(h).
-6
Let z(a) = -a**3 + 6*a**2 + 5*a + 8. Let b be (-4)/(-12)*(-1 - -4). Let g = 22 + b. Suppose -3*n + g = 5*w - 18, -2*n = -4. Calculate z(w).
-6
Let o(l) = -3*l**3 - 1948*l + 2*l**2 - 3*l**2 + 11 + 984*l + 976*l. What is o(-1)?
1
Let h(p) be the second derivative of 5*p**3/6 + 29*p**2 + 3486*p. Give h(-16).
-22
Let b(u) = u + 1. Let i be ((-9)/12)/((-3 + -1)/64). Suppose 0 = -4*f - i, 3*y - 4*f - 17 = -2. Suppose 5*a + y + 24 = 0. Determine b(a).
-4
Let u(d) be the third derivative of -7*d**4/24 - 7*d**3/6 - 17*d**2. Let q be u(-2). Let w(x) = x**2 - 8*x + 16. Give w(q).
9
Let v(p) = -p**2 + 6*p. Let b be (-63)/(-7)*4/6. Let u be v(b). Suppose -2*s + u*s + r = 4, 3*s - 5*r + 20 = 0. Let q(y) = -y**2 + y. Give q(s).
0
Suppose 4*o - 5*a - 8 = 0, -3*o + 27 = -8*o - 3*a. Let q(i) = i**3 + 2263*i - 2*i**3 - 2259*i + 2 + 0*i**3. Calculate q(o).
17
Let r(t) be the first derivative of 1/4*t**4 + 2*t**3 + 66 - 3/2*t**2 - 2*t. What is r(-5)?
38
Let h(f) be the first derivative of -3*f**2/2 - 3*f + 11. Let r(g) = g**3 + 8*g**2 - 4*g + 11. Let x be r(-8). Suppose 0 = -13*w + x + 9. What is h(w)?
-15
Let y = 746 - 737. Let a(x) be the second derivative of 1/6*x**3 + 0 + 1/3*x**4 + 1/20*x**5 + y*x - 1/2*x**2. Determine a(-2).
5
Let z(q) = 4*q + 11. Let p be z(-3). Let a(f) = 5*f**2 + 2*f + 11. Let c(x) = x**2 - x + 1. Let k(u) = p*a(u) + 6*c(u). Calculate k(7).
-12
Let w(x) = -8*x**3 - 6*x**2 - 7*x - 4. Let v(t) = 11*t**3 + 8*t**2 + 8*t + 4. Let l(j) = -3*v(j) - 4*w(j). What is l(-2)?
4
Let p be 45/10 - (12/8 + 0). Let d(i) = 4*i - 1 + p*i + 5 - 6*i + i**2. Let n = -9 + 4. Calculate d(n).
24
Let v(t) = 23*t**3 + 1 + 54*t - 52*t + 2*t**2 + 0*t**2. Let d = 142 + -138. Let j(s) = s**3 - 5*s**2 + 2*s + 7. Let k be j(d). Determine v(k).
-22
Suppose 2*p = p + 2. Let l(d) = 2*d**2 + 6*d**3 - 6*d**3 - 2*d**3 - 3 + d**p + 3*d. Give l(3).
-21
Let p(y) = -y + 1. Let j be 4/10*5/2. Let f(u) = -u**2 + 5*u + 14. Let g(q) = j*f(q) - 4*p(q). Let t be ((-112)/80)/((-2)/10). What is g(t)?
24
Let f = 35 + -26. Suppose 0 = -2*a + 113 + f. Let z = -65 + a. Let y(i) = i**3 + 3*i**2 - 4*i - 3. Calculate y(z).
-3
Let r(j) = -9*j**2 - 3*j - 4. Let d be (-9)/(-1) + 15/(-30)*20. What is r(d)?
-10
Let x(v) = 7563*v + v**3 + 5 - 15206*v + 6*v**2 + 7638*v. Calculate x(-6).
35
Let q = 662 + -660. Suppose -q*j + 2 = -8. Let o(v) = -v**3 + 6*v**2 - 4*v - 6. Determine o(j).
-1
Let n(d) be the first derivative of -d**2/2 - 4*d - 444. What is n(6)?
-10
Let c(l) = -l**3 + 5*l**2 + 7*l + 6. Let i = -2 + 5. Suppose -i*d = -a - 17, -9*a = 2*d - 12*a - 9. Give c(d).
12
Let w(g) = 3 - 23539*g**3 - 9*g + 0 + 23537*g**3 - 15*g**2. Give w(-7).
17
Let w = 98 - 72. Suppose -5*o + w = 6, 0 = -s - 5*o + 25. Let t(n) = -2*n + 1. Let r(k) = 7*k - 6. Let q(b) = r(b) + 2*t(b). Calculate q(s).
11
Let p(i) be the second derivative of i**3/3 - i**2 - 247*i. Suppose 4*w + 10 = -w. Calculate p(w).
-6
Let q = -8 - -7. Let j(n) be the third derivative of -1/120*n**6 + 25*n**2 - 1/60*n**5 - 1/6*n**3 + 0 + 0*n - 1/24*n**4. What is j(q)?
0
Let o(f) be the first derivative of -2*f**2 + 50 - 8*f + f + f**2 + 0*f**2. Determine o(-5).
3
Suppose -5*k - 4*h - 6 = 0, 0*k = 4*k + 4*h + 8. Let g be 2 - 2 - (0 - k). Let l(n) = 3161 + 3*n - 1581 - 1583. Calculate l(g).
3
Let l(k) = -74*k + 1. Suppose 5*h + 5 = -0*h. Let c be l(h). Let u(w) = -6 - w**3 - 28*w**2 - 7*w + c*w**2 - 26*w**2 - 29*w**2. What is u(-7)?
-6
Let a be -14*(-7)/14*4/7. Suppose -d - 2*t = 3*d - 18, a*d = -3*t + 23. Let o(u) = u**2 - 2*u - u**2 - u**3 + u**2. What is o(d)?
-8
Let p(o) be the second derivative of o**5/10 + o**4/3 + 7*o**3/6 + 4*o**2 - 65*o - 15. What is p(-2)?
-6
Suppose 0 = -7*y - 57*y - 253 - 67. Let k(n) = -10*n**2 + n**2